prime factors of v(u)?
2, 3
Let b = -12 - -24. Let w = 40 + b. Suppose 3*j = 3*u - 54, 2*j + 0 + w = 3*u. What are the prime factors of u?
2
Let s(i) = -41 + 99 + 69*i - 49. List the prime factors of s(3).
2, 3
Let m = -663 - -1379. What are the prime factors of m?
2, 179
Suppose -2*g + 0*f = -5*f - 1167, g - 587 = -f. What are the prime factors of g?
2, 293
What are the prime factors of (-4)/54 - (-11456)/108?
2, 53
Suppose 2*h - 3*y = 4, 8*h - 4*h - 4 = 4*y. List the prime factors of 2/h - 3 - -187.
2, 7, 13
Suppose q - 6 = -5*q. Suppose w = -5*o + 16, -3*w = o + q - 7. What are the prime factors of (-75 + w)/(8/(-4))?
37
Suppose -h + 206 = p, 2*p + 995 = 2*h + 3*h. Suppose 10*m = 7*m + h. What are the prime factors of m?
67
Let v(q) = 85*q + 6. Let r be v(3). Let a = r + -138. What are the prime factors of a?
3, 41
Suppose 3*y = 6, t - y - 3 = -2. Suppose t*w + 4*x = 223, -3*x - 166 = -4*w + 98. What are the prime factors of w?
3, 23
Let z(q) = 37*q + 10. Suppose -3*r + 0 = -6. List the prime factors of z(r).
2, 3, 7
Let g be 16/72 - 2/9. Suppose 3*s - 53 - 7 = g. Suppose 3*l - 3*j = -j + 20, -s = -4*j. List the prime factors of l.
2, 5
Suppose -5*g - 4706 = -3*x + 2920, 5*x = -3*g + 12676. What are the prime factors of x?
43, 59
Let x(s) = -24*s**2 - s - 4. Let f(j) = -24*j**2 - 2*j - 4. Let d(c) = 4*f(c) - 5*x(c). What are the prime factors of d(2)?
2, 47
Let j be (5*(-8)/(-30))/(4/42). Let l(k) = k**3 + 4*k**2 - 4*k + 1. Let x be l(-5). Let d = j + x. List the prime factors of d.
2, 5
Let o(w) = 9*w - 4 + 7*w**2 - 1 - 1 - 1. List the prime factors of o(-7).
3, 7, 13
Suppose -135 = -10*t + 7*t. Suppose w + 0*w - 2*v = -26, -3*v - t = 2*w. List the prime factors of (-122)/(-8) - (-6)/w.
3, 5
Let o(z) = 3 + 11 - 12*z + 3*z. Suppose 33 = -5*r - p, -3*r - 5 = p + 16. What are the prime factors of o(r)?
2, 17
Let c(g) = g**3 + 2*g**2 + g + 98. Let j be c(0). Suppose -2*o + 0*d = 2*d - j, 2*d = -o + 49. What are the prime factors of o?
7
Let r(y) = -y + 8. Let f(i) = -i + 5. Let m(k) = -10*f(k) + 6*r(k). Let c(q) = q - 1. Let u be c(4). What are the prime factors of m(u)?
2, 5
Let b be 1/6 - 233/(-6). Let h be b*(-1 - (-10)/15). Let n(v) = v**3 + 12*v**2 - 16*v + 3. List the prime factors of n(h).
2, 3, 7
Suppose 27*n + 2*y + 685 = 32*n, -5*n - 5*y = -720. List the prime factors of n.
139
Suppose u + 5*t = 4*t - 6, -6 = 4*u - 5*t. Let x = -5 - u. Let o(k) = -4*k**3 + 2*k**2 + k. List the prime factors of o(x).
5
Suppose -3*j - 12 = 2*t - 4*t, 2*j + 4 = 0. Suppose -125 = -3*m + h, m + 4*m + t*h - 185 = 0. What are the prime factors of m?
2, 5
Let x = -472 + 1137. List the prime factors of x.
5, 7, 19
Suppose 0 = -3*i + 167 - 68. Suppose -i - 92 = -b. What are the prime factors of b?
5
Let n be (-22 - -119) + (-2)/2. Let q = n - 31. List the prime factors of q.
5, 13
Let c(k) = 17*k**2 + 3*k - 7. Let b be c(2). What are the prime factors of 176/64*(-1 + -2 + b)?
2, 11
Let u(q) = -q**3 - 23*q**2 - 22*q. Let c be u(-22). Suppose c = 5*l + 92 - 647. List the prime factors of l.
3, 37
Let r be (-42)/(-8) + 1/(-4). Suppose -3*j = -r*j + 214. What are the prime factors of j?
107
Let r be (2 - 3)*1 - 5. Let n = r - -5. List the prime factors of ((-105)/3 + 3)*n.
2
Suppose -55*y - 9168 = -61*y. What are the prime factors of y?
2, 191
Let x = -114 - -113. List the prime factors of (-8*(-6)/168)/(x/(-371)).
2, 53
What are the prime factors of (-1 - 0)*19*(-48 + 19)?
19, 29
Suppose 0 = -27*y + 9225 + 4653. List the prime factors of y.
2, 257
Let x(k) = -2*k - 3. Let i(d) = 8*d. Suppose -6 + 11 = -5*m. Let j be i(m). List the prime factors of x(j).
13
Let u(v) = v**3 - v**2 + v + 2. Let n be u(0). Suppose n*r + 2 = 4*r, -x - 3*r + 15 = 0. What are the prime factors of x/((-3)/(-4) + 0)?
2
Suppose 2*q - 191 = 3*y + 919, 550 = q + y. List the prime factors of q.
2, 3, 23
Suppose 0 = -3*t - m - 2*m + 3, 0 = -t - 5*m - 3. Let p be -3 + t + -3 + 4. Suppose -5*y + 3*y + 14 = p. List the prime factors of y.
7
Let p(v) = 548*v + 111. What are the prime factors of p(2)?
17, 71
Let t(l) = -l**2 - 34*l - 10. What are the prime factors of t(-25)?
5, 43
Suppose 0 = s - 3*i - 1940 + 86, -3*s = -i - 5578. List the prime factors of s.
2, 3, 5, 31
Let v = -513 + 1050. Let q = v + -338. What are the prime factors of q?
199
Suppose 0 = 4*n + 5*i - 4813, 3612 = 3*n - 14*i + 17*i. List the prime factors of n.
17, 71
Let c = 91 + -6. Suppose 220 + c = 5*q. List the prime factors of q.
61
Let g = -118 - -84. Let t = g - -120. List the prime factors of t.
2, 43
Suppose -11*m = -9*m - 192. Let b = 162 - m. List the prime factors of b.
2, 3, 11
Let z(w) = 10*w**2 - 79*w - 29. List the prime factors of z(-8).
11, 113
Let o(h) = h**2 + 3*h + 2. Let g be o(-3). Suppose -x - 5*r + 51 = 0, 0*r - 60 = -g*x + 4*r. List the prime factors of x.
2, 3
Suppose -478 = 3*o - 5*o - r, 3*o - 717 = -2*r. Let w = o - 44. List the prime factors of w.
3, 5, 13
Suppose 4*z + 3*q - 160 = 27, 5*q = 3*z - 133. Let t = -138 - -140. Suppose -2*l = -3*v + t*l + z, -4*v + 4*l + 64 = 0. List the prime factors of v.
2, 3
Let x(z) = -2*z**3 - 4*z**2 + 3*z - 5. Let c be x(-3). Suppose 5*h - 4*g = 4*h + 42, 0 = c*h + 3*g - 244. List the prime factors of h.
2, 29
Suppose -2404 = -2*o - 2*i, 2*o - 5*i - 652 = 1717. What are the prime factors of o?
3, 7, 19
Let f = -36 - -36. Let x(r) = -r**2 + 2*r + 49. What are the prime factors of x(f)?
7
Let s be (20/6)/(2/(-15)). Let h = s + 27. Suppose -133 = -3*m - 2*a - 3*a, -h*m + 77 = a. What are the prime factors of m?
2, 3
Suppose -2*t + 534 = 1642. What are the prime factors of (3 - 5)*t/4?
277
Suppose -4*l = 4*f - 40, -5*f = -4 - 1. Suppose 2*a + 154 = l*a. Let b = a + 17. What are the prime factors of b?
3, 13
Suppose -6*w - 49560 = -36*w. What are the prime factors of w?
2, 7, 59
Let b = -24 + 69. Let q = 70 - b. List the prime factors of q.
5
Let q(x) = -2*x**2 + 61*x - 16. What are the prime factors of q(30)?
2, 7
Let q be (-3)/6*(2 - 0) - -3. Suppose 0 = -3*f - q*f + 305. List the prime factors of f.
61
List the prime factors of 4 + 1818 + -10 + -8.
2, 11, 41
Let s(d) = d**2 + 4*d + 3. Let g be s(-3). List the prime factors of 1*(-3 + g) + 26.
23
Let z = 1706 + 729. List the prime factors of z.
5, 487
Suppose 0 = 58*g - 82*g + 52392. What are the prime factors of g?
37, 59
Let w(u) = -u**2 - 7*u - 2. Let d be w(-6). Suppose v = -2*l - 2*l + 111, 0 = d*v - l - 444. What are the prime factors of v?
3, 37
Let p = -29 - -77. Let l = 108 - p. What are the prime factors of l?
2, 3, 5
Suppose 39*c + 393450 = 125*c. List the prime factors of c.
3, 5, 61
Let n(a) = 1048*a + 20. List the prime factors of n(2).
2, 23
List the prime factors of (-12)/(-78) + -478*264/(-78).
2, 809
What are the prime factors of 6 + (5 - (-1918 + 0))?
3, 643
Suppose -1269 = -6*u + 3411. What are the prime factors of u?
2, 3, 5, 13
List the prime factors of -15*(3 - 68/20) + 89.
5, 19
Let q = 72 + 20. Suppose -3*d + 16 = u - d, -5*u = 4*d - q. List the prime factors of u.
2, 5
Suppose 3*r - x = 375, 5*x = 7*x. What are the prime factors of r?
5
List the prime factors of (-42)/(-315) + 9838/15.
2, 41
Let q(l) = 9*l**3 + 28*l**2 + 17*l - 4. Let b(n) = 4*n**3 + 14*n**2 + 8*n - 2. Let k(u) = -7*b(u) + 3*q(u). List the prime factors of k(-14).
2, 3
Let x = -742 - -1714. List the prime factors of x.
2, 3
Suppose 2738 - 8978 = -16*c. What are the prime factors of c?
2, 3, 5, 13
Suppose -3*d + 13 - 2 = -2*p, -4*d + 20 = 0. Suppose 0 = -2*t - p*t - 8. List the prime factors of t/8 + (-231)/(-12).
19
Let q = 864 - 172. What are the prime factors of q?
2, 173
List the prime factors of 3/(-5 - 833/(-166)) - 3.
163
Let u(k) = -12 - 10 - 14 + 14*k + 28. What are the prime factors of u(4)?
2, 3
Let s(r) = -2184*r**3 - 3*r**2 - 4*r - 3. List the prime factors of s(-1).
2, 1091
Let k(t) = -t**2 - 12*t - 3. Let r = 20 + -24. List the prime factors of k(r).
29
List the prime factors of -20 - -26 - (-1 + -3 + -2005).
5, 13, 31
Let r(s) = 8*s**2 + 8*s - 18. What are the prime factors of r(5)?
2, 3, 37
Let c be 80/(-24)*12/(-10). Suppose -8 = c*k - 0. What are the prime factors of (-4)/(60/33 + k)?
2, 11
Let d(j) = 194*j**3 + 2*j**2 - 6*j + 3. What are the prime factors of d(1)?
193
Let s be (1 - 2)/(5/(-15)). Suppo